uppose 196 = u*f + 5*f. Calculate the remainder when f is divided by 15.
13
Suppose -2*o - h = -36600, -5*h = 29 - 19. Calculate the remainder when o is divided by 176.
173
What is the remainder when 399 + (-32 + -10)/14 is divided by 16?
12
Let n = 4131 - 1084. Calculate the remainder when n is divided by 12.
11
Let i = 62 - 56. Suppose -23 + i = -k. Calculate the remainder when 55 is divided by k.
4
Suppose 28*v - 24 = 16*v. Calculate the remainder when 73 is divided by (44 - 31)/(1/v).
21
Let a(v) = -v**2 - 13*v - 25. Let g = -52 + 45. What is the remainder when 152 is divided by a(g)?
16
Let c(q) be the third derivative of -25*q**4/8 - q**3/6 - 22*q**2. Let r(i) = -i**3 + i - 2. Let f be r(0). What is the remainder when c(f) is divided by 30?
29
Let w = -68 + 73. Let z = 140 + w. Let x = 204 - z. What is the remainder when x is divided by 30?
29
Let t = 13874 + -11949. Calculate the remainder when t is divided by 215.
205
Let c(q) = 5*q - 1. Suppose 0*m - m - 3*a - 52 = 0, -3*m + 4*a - 130 = 0. Let k = -34 - m. What is the remainder when c(k) is divided by 5?
4
Let t = 7789 - 7574. Calculate the remainder when 594 is divided by t.
164
Let v be (0 - 5/(-3))/(13/39). Suppose -4*x + 0*b - v*b + 249 = 0, 2*b = x - 46. Calculate the remainder when 100 is divided by x.
44
Let w = -4896 + 4972. Let c(s) = -s**3 + 11*s**2 + s + 3. What is the remainder when w is divided by c(11)?
6
Let j(f) = -f**3 + 34*f**2 - 50*f - 411. Calculate the remainder when (-6960)/(-27) + (-8)/(-36) is divided by j(32).
36
Suppose 3*l = -4*y + 188, -4*l = y - 8 - 234. What is the remainder when 369 - -26*90/(-195) is divided by l?
57
Suppose 0 = 138*s - 145*s + 238. Suppose -1984 = -s*z + 2*z. Let x(d) = -7*d - 6. Calculate the remainder when z is divided by x(-4).
18
Suppose 59 = 6*x - 43. Let k = -14 + x. Let p(s) = 2*s**3 - s**2 + 4*s - 1. Calculate the remainder when p(k) is divided by 19.
18
Let w(g) = -g**3 + 16*g + 43. Suppose 428 + 104 = 28*o. What is the remainder when w(-5) is divided by o?
12
Let s = -8580 + 8600. Calculate the remainder when 287 is divided by s.
7
What is the remainder when -36*41/(2091/(-3400)) is divided by 27?
24
Let d be 1*(9/36 + (-671)/(-4)). Calculate the remainder when 276 is divided by (105/(-12))/((-21)/d).
66
Suppose -131 = -f - 4*v + 27, -5*v - 20 = 0. Suppose f = 11*k - 200. What is the remainder when 98 is divided by k?
30
Calculate the remainder when 149 is divided by 84 + -1 + (29 - 34).
71
Let q(n) = -n. Let t(s) = -5*s + 19. Let z be t(5). Let b be q(z). Calculate the remainder when 33 is divided by (-156)/(-18)*b/4.
7
Let p = 209 - 152. Suppose -p*t = 738 - 3702. What is the remainder when 196 is divided by t?
40
Let x(r) = 182*r + 7296. Calculate the remainder when 2037 is divided by x(-40).
5
Suppose 5*c + 40 = 3*u, -5*u + 0*c + 58 = -4*c. Let j = -2112 + 2119. Calculate the remainder when u is divided by j.
3
Suppose -4*f - 12 = 0, 0 = -3*q + 2*q + f + 21. Suppose q = 22*j - 422. Calculate the remainder when j is divided by 9.
2
Suppose -b = -2*d - 541, -3*b + 29*d - 33*d = -1653. Calculate the remainder when b is divided by 270.
7
Let p = 7772 - 7490. What is the remainder when p is divided by 46?
6
Let r be (9/6)/(-1)*8/(-6). Let h be ((2/(-3))/2)/(r/(-30)). Suppose 6*u - u + 4*k - 1089 = 0, h*k = 5. What is the remainder when u is divided by 44?
41
Let d(m) = m**3 - 7*m**2 - 6*m + 10. Suppose -4*y + 42 = 5*r - 10*r, -3*r = 4*y - 26. Let v = 107 + -5. What is the remainder when v is divided by d(y)?
24
Calculate the remainder when (2/(-3))/(((-5544536)/(-19872))/(-31) - -9) is divided by 279.
261
Let l = 1320 - 789. Let z = l + -516. Calculate the remainder when 401 is divided by z.
11
Suppose -87 = 3*m - 4*m. Let q = -1818 + 1827. What is the remainder when m is divided by q?
6
Let j = 4149 - 3718. What is the remainder when j is divided by 36?
35
Let u(f) = 5*f**3 - 12*f**2 + 78*f - 384. Calculate the remainder when u(7) is divided by 260.
249
Let y = 26798 - 26775. What is the remainder when 326 is divided by y?
4
Suppose -29*q - 300 = -1199. Calculate the remainder when 1019 is divided by q.
27
Suppose 23*v - 168 = 11*v. Suppose 0 = -2*l + 5*p + v, l - 14 = -9*p + 8*p. What is the remainder when l is divided by 38/8 + (-1)/(-4)?
2
Let m = -6551 - -6575. Calculate the remainder when 46 is divided by m.
22
Suppose -7*b - 321 = 29. Let m = b - -115. Let v(a) = 2*a + 2. Calculate the remainder when m is divided by v(10).
21
Let k = -25 - -5. Let i be -170 + -5*16/k. Calculate the remainder when (-12)/54 - i/18 is divided by 6.
3
Suppose -5*i + 5 = 0, 3494 - 15814 = -4*d - 4*i. Calculate the remainder when d is divided by 40.
39
Suppose 400 = 7*c - 2*c. Suppose 5*l + 3*r = 840, 3*l + r = -4*r + 488. What is the remainder when c is divided by (-2)/4 + l/6?
24
Suppose 9*o - 371 = 205. Suppose 70*d - o*d - 192 = 0. Calculate the remainder when d is divided by 9.
5
Suppose -99*u - 14760 = -104*u + 3*s, 5*u - 4*s = 14760. Suppose -u = -24*v - 12*v. What is the remainder when 84 is divided by v?
2
Let t(k) = -6*k**2 + 5*k. Let q be t(2). Let n be (14/(-18) - q/(-63))*-6. Suppose n*y - 64 = 20. What is the remainder when 24 is divided by y?
10
Let d(x) = -x**3 + x**2 + 5*x + 3. Let l be d(-2). Suppose 5*j = -5*t + 20, -j - l*t + 8 = -4. What is the remainder when 0*1/j + 45 is divided by 25?
20
Let i = 14452 + -12378. What is the remainder when i is divided by 2?
0
Suppose 8*w - 3*h = 3*w - 1864, 4*w + 1494 = h. Let m = w - -400. Calculate the remainder when m is divided by 18.
8
Let j = -725 + 827. Suppose 17*u - 102 = j. What is the remainder when 232/5 + 4/(-10) is divided by u?
10
Let j = -232 - -452. Suppose -26 = 4*g - 6*g. Calculate the remainder when j is divided by g.
12
Suppose -7*w + 126 = -13*w. Let y(o) = -5*o - 76. What is the remainder when 54 is divided by y(w)?
25
Suppose 472*l + 54 = 481*l. Calculate the remainder when 100 is divided by l.
4
Suppose -17*p - 8*p = -1625. Let u = 35 - 86. Let y = p + u. What is the remainder when 54 is divided by y?
12
Let z(q) = 4*q + 26. Calculate the remainder when (-2*14/21)/((-6)/9) is divided by z(-6).
0
Let k be 16*((-15)/2 + 1). Let m = -34 - k. What is the remainder when 205 is divided by m?
65
Let m = -40 + 8. What is the remainder when 93 - (-80)/m*(4 - 2) is divided by 19?
12
Let p = 663 - 615. Suppose 11*v + 4*t = 16*v - 60, 4*v + 3*t - p = 0. What is the remainder when v is divided by 2?
0
Suppose -2288 = -546*z + 538*z. Let x = z - 89. Calculate the remainder when x is divided by 51.
44
Let m = -5914 - -6660. Calculate the remainder when m is divided by 11.
9
Let c(q) = 37*q - 59. Let n(w) = -w - 1. Let g(d) = -c(d) + 6*n(d). What is the remainder when g(-15) is divided by 25?
23
Suppose 0 = 6*q + 254 + 58. Let y = q + 73. Suppose 2*s - 511 = -3*s + 2*k, -10 = -5*k. Calculate the remainder when s is divided by y.
19
Let n = 7751 + -7732. What is the remainder when 104 is divided by n?
9
Let i(q) = -260*q + 12. Let y be i(-3). Let u = y + -426. Calculate the remainder when u is divided by 46.
44
Suppose -8*o + 1411 = -22613. What is the remainder when 6011 is divided by o?
5
Suppose -w - 207 = -5*g - 812, 3*g + 2318 = 4*w. What is the remainder when w is divided by 39?
29
Let v = 48 + -53. Let p be 16/56 + (-16)/7. What is the remainder when 94 is divided by (8 + v)/(p + 51/24)?
22
Let r(v) = 182*v + 257. Calculate the remainder when r(3) is divided by 62.
59
Let m(l) = -638*l - 330. What is the remainder when m(-1) is divided by 73?
16
Let y(g) = -740*g + 4486. What is the remainder when 26081 is divided by y(6)?
45
Suppose 10*h - 140 = 20*h. Let b(i) = -i**2 - 14*i + 13. Calculate the remainder when 37 is divided by b(h).
11
Suppose 30 - 6 = 3*u - c, -u + 2*c + 8 = 0. What is the remainder when 27 is divided by u + -3 + 0 - (-5)/1?
7
Let t(u) = 340 + 8*u + 340 + 3*u**2 - 675. Let h be t(-4). Suppose -112*k = -115*k + h. Calculate the remainder when 25 is divided by k.
4
Calculate the remainder when (9452/51)/(4/3) is divided by 56.
27
Suppose -1830 = -81*b + 4164. Calculate the remainder when 597 is divided by b.
5
Let c be 9/(-6)*14 + -1. Let i = 32 + c. Calculate the remainder when (39/4)/(((-102)/(-24))/17) is divided by i.
9
Suppose 499*i + 1357 = 558*